 prime factors of z(22).
11, 13
Let z be (-2)/10 + 910088/40 + 2. Suppose -7032 = 14*l - z. List the prime factors of l.
1123
Let y be (-1 - (5 + -1) - -1) + 13. Let f(v) = 2*v**2 - 14*v + 50. List the prime factors of f(y).
2, 43
Suppose 198*v + 26 = 211*v. Suppose 0 = 3*p + v*u - 7*u - 3422, 3*p + 5*u - 3412 = 0. List the prime factors of p.
17, 67
Suppose -2*t = 2*y - 10, 6 - 25 = -5*y - 2*t. Let z be (-8 - 4)/(9/y - 4). What are the prime factors of 1318/z - (-2)/12?
2, 5, 11
Let h = 65 - 69. Let u be h - (1757/14)/((-2)/4). Let w = u + -72. What are the prime factors of w?
5, 7
Suppose -23*i + 158*i - 1045170 = 0. List the prime factors of i.
2, 7, 79
Suppose -33727 = -20*y + 977113. What are the prime factors of y?
2, 37, 683
Let r(f) = -1597*f - 6632. List the prime factors of r(-17).
3, 7, 977
Let a(q) be the second derivative of 7*q**4/2 + 2*q**3/3 + 4*q**2 + 17*q. Let h be a(-3). What are the prime factors of 20/(-30) - h/(-3)?
2, 31
Let m(y) = 53*y - 8. Let w = -66 + 29. Let v = w - -40. List the prime factors of m(v).
151
Let w(d) = -2*d - 22. Let x be w(-20). What are the prime factors of (-375)/(-2) - x/(252/35)?
5, 37
Suppose 0 = 178*l - 160*l - 112608. What are the prime factors of l?
2, 17, 23
Suppose 293*v - 340553 - 1374962 = 0. What are the prime factors of v?
5, 1171
Let y(d) = d**3 + d**2. Let s be y(-2). Let u(f) = -f**3 + f**2 - 6*f - 38. What are the prime factors of u(s)?
2, 3, 11
Suppose -4*d + 115098 = q, -2*d - 5*q + 35445 + 22077 = 0. List the prime factors of d.
2, 3, 11, 109
Let z = 115 + -113. Let o(d) = -53*d**z + 52*d**2 + 43 - 2*d - 28*d. What are the prime factors of o(-18)?
7, 37
Suppose -7*l + 11*l + s = -339, 2*s = -2*l - 168. List the prime factors of (-30)/(-9)*(-3162)/l.
2, 31
Suppose -26878 = -9*q + 3956. Suppose -27*z + 8589 = -q. List the prime factors of z.
5, 89
Let p(w) = 276*w**2 - 3*w + 4. Let k be p(2). Suppose -5*f + 2*d = -5458, -2*f + f + 3*d + k = 0. What are the prime factors of f?
2, 5, 109
Let m(p) = -p**2 + 11*p - 4. Suppose 3*s + 0*o = 2*o + 13, 0 = 4*s - o - 14. Let w be m(s). List the prime factors of (-6)/10 + 872/w.
43
Let j(z) = -z**3 + 5*z**2 + z - 3. Let k be j(5). Suppose -a = -k*a + 122. Let p = a - 42. List the prime factors of p.
2, 5
Suppose 28*h = 19783 - 71. Let q = 192 + h. What are the prime factors of q?
2, 7
Let z(w) be the first derivative of -1/4*w**4 - 4/3*w**3 + 4*w**2 + 41 + 10*w. What are the prime factors of z(-7)?
101
Let c(f) be the first derivative of f**3/3 - 5*f**2 + 12*f + 4. Let m be c(9). Suppose -2*b + 99 = m*j, -3*j - 6*b + b = -90. List the prime factors of j.
5, 7
Let l(j) = 16*j**2 + j - 16. Let q be l(-4). Suppose r - 2*h = q, 4*r = 7*r + 2*h - 708. List the prime factors of r.
2, 59
Let b(u) = 22*u + 46. Let x be b(-2). Suppose 2*i - 1096 = -x*z, 4*i - 4*z + 104 = 2320. What are the prime factors of i?
19, 29
Let n(q) = 5*q - 18. Let x be n(4). List the prime factors of (8/8 - (-2)/x) + 549.
19, 29
Let m = 519 - 539. List the prime factors of (m - 1)/((-33)/1771).
7, 23
What are the prime factors of (-130)/156 + (-188)/(-168) + 112796/7?
2, 7, 1151
Suppose 17*b - 13*b - 3*q - 91736 = 0, 0 = -4*b + 2*q + 91736. What are the prime factors of b?
2, 11467
Let k be (-3 - -318)/((-1)/1). Let o be (-6)/4 - k/(-14). List the prime factors of (-1 + -22)/(((-52)/o)/(-13)).
2, 3, 23
Let n be 15*(50/15)/10. Suppose -k - 4*y + 0*y + 382 = 0, -n*k = -3*y - 1979. What are the prime factors of k?
2, 197
Let c = 19797 - 7387. List the prime factors of c.
2, 5, 17, 73
Let f = -3964 + 9942. List the prime factors of f.
2, 7, 61
Let n(y) = 49*y**2 - 168*y + 11. What are the prime factors of n(-6)?
11, 23
Let g = 590 + 407. Suppose 1 = r - 2*r, g = 4*i - 5*r. What are the prime factors of i?
2, 31
Let m(o) = 2*o**2 - 5*o + 222. Suppose -6*t - 5*t = -242. What are the prime factors of m(t)?
2, 3, 5
Let r(a) = -2*a**2 - 37*a + 22. Let t be r(-19). Suppose -c - 5466 = -3*j - 0*j, 4*j - t*c - 7293 = 0. What are the prime factors of j?
3, 607
Let s(x) = 652*x - 1. Let q(i) = -977*i + 2. Let k(h) = 5*q(h) + 8*s(h). What are the prime factors of k(1)?
3, 37
Let x = 8 + -8. Suppose 4 - 27 = -w + 3*t, -3*t + 9 = x. Let f = w - -60. What are the prime factors of f?
2, 23
Let w = 20689 - 13092. What are the prime factors of w?
71, 107
Let x = 21940 - 14098. Suppose -x = -1190*j + 1184*j. List the prime factors of j.
1307
Suppose 3*k + 2*q - 14016 = 45, 9354 = 2*k - 2*q. List the prime factors of k.
3, 7, 223
Suppose 1898 = -35*y + 73625 + 155003. What are the prime factors of y?
2, 41, 79
Let v be (32/6)/4*6. Suppose h + 3*p + 6 = 0, 3*h + v = -p - 3*p. Suppose h = -2*b - 54 + 146. What are the prime factors of b?
2, 23
Suppose -v - 4102 - 21374 = -13*v. List the prime factors of v.
11, 193
What are the prime factors of (5709 - -22) + (-6)/(-3) + -8?
5, 229
Let n(a) = -36*a**3 + 20*a**2 - 19*a - 45. List the prime factors of n(-5).
2, 5, 101
Let l = 8476 - 8479. Let d(m) = -4 - 6*m**3 + 2 - 3 - 3*m**2. What are the prime factors of d(l)?
2, 5, 13
Let s be 30/(-4)*(-4)/6. Suppose -5*p = 5, -n - 6 = s*p - 299. List the prime factors of n.
2, 149
Suppose 3*l = 5*w - 16378, 51*w = 48*w - 2*l + 9804. List the prime factors of w.
2, 409
Suppose -31*a = -77*a - 55568. Let t = a + 2084. What are the prime factors of t?
2, 3, 73
Let r(i) = -184*i**3 - 19*i**2 - 14*i + 18. What are the prime factors of r(-7)?
62297
Let o(w) be the first derivative of w**4/4 + 4*w**3/3 - w**2/2 - 2*w - 28. Let j be o(-5). What are the prime factors of j/99 + 940/18?
2, 13
Suppose -4*y - 4 = v, 5*y = 3*y - v - 4. Suppose 3*u = -u + f + 425, y = 3*u - f - 319. What are the prime factors of u?
2, 53
Let b(g) = -5*g**3 + 2*g**3 + 23*g**2 - 15 - 59*g**2 - 2*g + 20*g**2. What are the prime factors of b(-8)?
3, 19
Suppose -2*a + 4*r = -22, -5 = 5*r + 5. Suppose -a*k + 48 = k. Suppose 5*y - 149 = k. What are the prime factors of y?
31
Let k(w) = -917*w + 1445. What are the prime factors of k(-6)?
6947
Suppose -5*f + 4*g = 25, -5*f - 2*g + 3*g = 10. What are the prime factors of f - -442 - -1 - 4?
2, 3, 73
Suppose 0 = 3*o - 5*a - 39007, -2*o + 692*a = 693*a - 26009. List the prime factors of o.
2, 3251
Let x = -33055 + 49660. What are the prime factors of x?
3, 5, 41
Suppose 5*s - 4 = 3*s. Let j be -2*(1 + s - 4). Suppose -j*q + 170 = -180. What are the prime factors of q?
5, 7
Let g(n) = 30*n**2 - n + 295. List the prime factors of g(18).
13, 769
Let m(b) = -72*b - 24. Let l be m(-9). Let p = -290 + l. Suppose 4*i - p = -3*s, 0 = -5*s - i + 367 + 167. What are the prime factors of s?
2, 53
Suppose p + b = 349, 9*p - 5*p - 2*b - 1390 = 0. Let t = p + -81. What are the prime factors of t?
3, 89
Let v = -1769 + 2579. Suppose v = 4*x + 234. List the prime factors of x.
2, 3
Let r(c) = -2*c**3 + 30*c**2 - 7*c - 26. Let z be r(13). Let k = z - 225. What are the prime factors of k?
2, 167
Let a(p) = p**2 + 6*p + 3. Let s be a(-6). Suppose h + s = 6. Suppose -h*c + 78 + 98 = l, 4*c - l = 237. What are the prime factors of c?
59
Let j = 2 - 1. Let x be (-14910)/(-133) - (-4)/(-38). Let f = x - j. What are the prime factors of f?
3, 37
Suppose -673 = -13*n + 406. Suppose 29*j = n*j - 35586. What are the prime factors of j?
659
Suppose -4*z + 1031 = -3*r, 2*z + r - 6*r - 519 = 0. Let w = 146 + z. List the prime factors of w.
13, 31
Suppose 1927*r + 9936 = 961*r + 967*r. What are the prime factors of r?
2, 3, 23
Let v(a) = -a**2. Let y be v(-2). Let x = y + -1. Let h = x - -15. What are the prime factors of h?
2, 5
List the prime factors of (-20)/120*171*(1 + -843).
3, 19, 421
Let q = 9582 + -2842. Suppose -5*d + q = 4*o, -d = -2*o - 863 + 4247. List the prime factors of o.
2, 5, 13
Suppose 3*u = r + 73816 + 20984, -5*u + 4*r + 158000 = 0. What are the prime factors of u?
2, 5, 79
Suppose 2*i = -3*m + 615, 2*m + 3*i + 0*i = 405. Suppose 204*y = m*y - 474. List the prime factors of y.
2, 79
Let y(f) be the first derivative of -2*f**3/3 + 11*f**2/2 - 20*f + 29. Let c be y(2). List the prime factors of 181/5*(c + 11).
181
Let u be 168/9 - 2/6*-1. Suppose -8*q + u = -7*q. Suppose -2761 = 8*s - q*s. List the prime factors of s.
251
Suppose b + 2*u + 6 = 0, 0 = 4*b - 9*b + u + 3. Suppose b = -457*q + 459*q - 426. List the p